{"id":15,"date":"2021-01-27T10:20:42","date_gmt":"2021-01-27T10:20:42","guid":{"rendered":"http:\/\/www.partystany.online\/?page_id=15"},"modified":"2025-01-08T19:24:55","modified_gmt":"2025-01-08T19:24:55","slug":"kontakt","status":"publish","type":"page","link":"https:\/\/www.partystany.online\/index.php\/kontakt\/","title":{"rendered":"Kontakt"},"content":{"rendered":"<h2>Party stany kontakt<\/h2>\n<p>Party stany kontakt, adresa v\u00fddejn\u00edho m\u00edsta :<\/p>\n<p>Strakonick\u00e1 510<br \/>\n150 00 Praha 5<\/p>\n<p><img loading=\"lazy\" decoding=\"async\" class=\"alignnone wp-image-117 size-medium\" title=\"Kontaktujte n\u00e1s!\" src=\"https:\/\/www.partystany.online\/wp-content\/uploads\/2021\/01\/Telefon-300x207.jpg\" alt=\"Party stany kontakt\" width=\"300\" height=\"207\" srcset=\"https:\/\/www.partystany.online\/wp-content\/uploads\/2021\/01\/Telefon-300x207.jpg 300w, https:\/\/www.partystany.online\/wp-content\/uploads\/2021\/01\/Telefon-600x415.jpg 600w, https:\/\/www.partystany.online\/wp-content\/uploads\/2021\/01\/Telefon-768x531.jpg 768w, https:\/\/www.partystany.online\/wp-content\/uploads\/2021\/01\/Telefon.jpg 799w\" sizes=\"auto, (max-width: 300px) 100vw, 300px\" \/><\/p>\n<p><strong>e-mail: aatsunami@email.cz<\/strong><\/p>\n<p>mana\u017eer p\u016fj\u010dovny: Tom\u00e1\u0161 Ivanovi\u010d<\/p>\n<p>GSM: +420 602 309 064<\/p>\n<p>Otev\u00edrac\u00ed doba skladu po dohod\u011b!<\/p>\n<p>&nbsp;<\/p>\n<p><span style=\"color: #0000ff;\"><strong>Napi\u0161te n\u00e1m!<\/strong><\/span><\/p>\n<form method=\"post\" id=\"cntctfrm_contact_form\" class=\"cntctfrm_contact_form cntctfrm_one_column cntctfrm_ltr cntctfrm_width_default\" action=\"\/index.php\/wp-json\/wp\/v2\/pages\/15#cntctfrm_contact_form\" enctype=\"multipart\/form-data\"><div id=\"cntctfrm_first_column\" class=\"cntctfrm_column\"><div class=\"cntctfrm_field_wrap cntctfrm_field_name_wrap\"namecontact><div class=\"cntctfrm_label cntctfrm_label_name\">\n\t\t\t\t\t\t\t\t\t<label for=\"cntctfrm_contact_name\">Jm\u00e9no: <span class=\"required\">*<\/span><\/label><\/div><div class=\"cntctfrm_input cntctfrm_input_name\">\n\t\t\t\t\t\t\t\t\t<input namecontact class=\"text\" type=\"text\" size=\"40\" pattern=\"^([\\p{L}\\p{M}]{2,}(\\s)*(\\p{L}+\\p{M}*-*){1,})|([\\p{L}\\p{M}]{3,})\" title=\"Please enter only letters at least 3 characters, words seperated by spaces\" value=\"\" name=\"cntctfrm_contact_name\" id=\"cntctfrm_contact_name\" \/><\/div><\/div><div class=\"cntctfrm_field_wrap cntctfrm_field_address_wrap\"><div class=\"cntctfrm_label cntctfrm_label_address\">\n\t\t\t\t\t\t\t\t\t\t<label for=\"cntctfrm_contact_address\">Adresa:<\/label><\/div><div class=\"cntctfrm_input cntctfrm_input_address\">\n\t\t\t\t\t\t\t\t\t<input class=\"text\" type=\"text\" size=\"40\" pattern=\"([\\p{L}\\p{M}\\s0-9]){1,120}\" title=\"Please enter only letters and numbers at least 3 characters, words seperated by spaces\" value=\"\" name=\"cntctfrm_contact_address\" id=\"cntctfrm_contact_address\" \/><\/div><\/div><div class=\"cntctfrm_field_wrap cntctfrm_field_email_wrap\"email><div class=\"cntctfrm_label cntctfrm_label_email\">\n\t\t\t\t\t\t\t\t\t<label for=\"cntctfrm_contact_email\">E-mailov\u00e1 adresa: <span class=\"required\">*<\/span><\/label>\n\t\t\t\t\t\t\t\t<\/div><div class=\"cntctfrm_input cntctfrm_input_email\">\n\t\t\t\t\t\t\t\t\t<input email class=\"text\" type=\"email\" size=\"40\" value=\"\" name=\"cntctfrm_contact_email\" id=\"cntctfrm_contact_email\" \/><\/div><\/div><div class=\"cntctfrm_field_wrap cntctfrm_field_phone_wrap\"><div class=\"cntctfrm_label cntctfrm_label_phone\">\n\t\t\t\t\t\t\t\t\t\t<label for=\"cntctfrm_contact_phone\">Telefonn\u00ed \u010d\u00edslo:<\/label>\n\t\t\t\t\t\t\t\t\t<\/div><div class=\"cntctfrm_input cntctfrm_input_phone\">\n\t\t\t\t\t\t\t\t\t<input class=\"text\" type=\"text\" size=\"40\" value=\"\" pattern=\"[0-9]{6,}\" title=\"Please enter only numbers at least 6 characters\" name=\"cntctfrm_contact_phone\" id=\"cntctfrm_contact_phone\" \/><\/div><\/div><div class=\"cntctfrm_field_wrap cntctfrm_field_subject_wrap\"subject><div class=\"cntctfrm_label cntctfrm_label_subject\">\n\t\t\t\t\t\t\t\t\t<label for=\"cntctfrm_contact_subject\">P\u0159edm\u011bt: <span class=\"required\">*<\/span><\/label>\n\t\t\t\t\t\t\t\t<\/div><div class=\"cntctfrm_input cntctfrm_input_subject\">\n\t\t\t\t\t\t\t\t<input subject pattern=\"^([\\p{M}\\p{L}]{1,}(\\s\\p{M}*\\p{L}+-*)*){3,}\" title=\"Please enter only letters at least 3 characters, words seperated by spaces\" class=\"text\" type=\"text\" size=\"40\" value=\"\" name=\"cntctfrm_contact_subject\" id=\"cntctfrm_contact_subject\" \/><\/div><\/div><div class=\"cntctfrm_field_wrap cntctfrm_field_message_wrap\"message><div class=\"cntctfrm_label cntctfrm_label_message\">\n\t\t\t\t\t\t\t\t<label for=\"cntctfrm_contact_message\">Zpr\u00e1va: <span class=\"required\">*<\/span><\/label>\n\t\t\t\t\t\t\t<\/div><div class=\"cntctfrm_input cntctfrm_input_message\">\n\t\t\t\t\t\t\t\t<textarea message rows=\"5\" cols=\"30\"name=\"cntctfrm_contact_message\" id=\"cntctfrm_contact_message\"><\/textarea><\/div><\/div><div class=\"cntctfrm_field_wrap cntctfrm_field_attachment_wrap\"><div class=\"cntctfrm_label cntctfrm_label_attachment\">\n\t\t\t\t\t\t\t\t\t\t<label for=\"cntctfrm_contact_attachment\">P\u0159\u00edloha:<\/label>\n\t\t\t\t\t\t\t\t\t<\/div><div class=\"cntctfrm_input cntctfrm_input_attachment\"> \n\t\t\t\t\t\t\t\t\t\t<input type=\"file\" name=\"cntctfrm_contact_attachment\" id=\"cntctfrm_contact_attachment\" \/><\/div><\/div><\/div><div class=\"clear\"><\/div><div class=\"cntctfrm_submit_wrap\"><div id=\"cntctfrm_submit_first_column\" class=\"cntctfrm_column\"><\/div><div id=\"cntctfrm_submit_second_column\" class=\"cntctfrm_column\"><div class=\"cntctfrm_input cntctfrm_input_submit\"><input type=\"hidden\" value=\"send\" name=\"cntctfrm_contact_action\">\n\t\t\t\t\t\t\t<input type=\"hidden\" value=\"default\" name=\"cntctfrm_language\">\n\t\t\t\t\t\t\t<input type=\"hidden\" value=\"1\" name=\"cntctfrm_form_submited\">\n\t\t\t\t\t\t\t<input type=\"hidden\" value=\"cntctfrm_options\" name=\"cntctfrm_options_name\">\n\t\t\t\t\t\t\t<input type=\"submit\" value=\"Odeslat\" class=\"cntctfrm_contact_submit\" \/>\n\t\t\t\t\t\t<\/div><\/div><div class=\"clear\"><\/div>\n\t\t\t<\/div>\n\t\t\t<\/form>\n<p><strong>Jak n\u00e1s nejl\u00e9pe nav\u0161t\u00edvit.<\/strong><\/p>\n<p>Kdy\u017e se k n\u00e1m chyst\u00e1te, nahlaste svou n\u00e1v\u0161t\u011bvu p\u0159edem.<\/p>\n<p>Re\u017eim p\u016fj\u010dovny je nastaven dle provozn\u00edch zku\u0161enost\u00ed.<\/p>\n<p>V p\u00e1tek dopoledne se obvykle odbavuje materi\u00e1l na v\u00edkend. Sobota a ned\u011ble prob\u00edh\u00e1 realizac\u00ed akc\u00ed. Vratka zap\u016fj\u010den\u00e9ho materi\u00e1lu v pond\u011bl\u00ed dopoledne.<\/p>\n<p>Ostatn\u00ed pracovn\u00ed dny prob\u00edh\u00e1 dle pot\u0159eby \u010di\u0161t\u011bn\u00ed, vapov\u00e1n\u00ed a pot\u0159ebn\u00fd servis. Na to navazuje n\u00e1kup materi\u00e1lu a s t\u00edm spojen\u00e9 aktivity.<\/p>\n<p>D\u00e1le je mo\u017en\u00e9 si dohodnout jin\u00e9 podm\u00ednky p\u0159ed\u00e1n\u00ed a p\u0159evzet\u00ed materi\u00e1lu, tak aby v\u00e1m to l\u00e9pe vyhovovalo. Pokud preferujete zap\u016fj\u010den\u00ed v\u010detn\u011b dopravy a mont\u00e1\u017ee, tak nen\u00ed probl\u00e9m.<\/p>\n<p>&nbsp;<\/p>\n<p><span style=\"color: #ff0000;\">T\u011b\u0161\u00edme se na V\u00e1s!<\/span><\/p>\n<a class=\"maxbutton-8 maxbutton maxbutton-zpet\" href=\"https:\/\/www.partystany.online\/\"><span class='mb-text'>ZP\u011aT<\/span><\/a>\n<p>&nbsp;<\/p>\n","protected":false},"excerpt":{"rendered":"<p>Party stany kontakt Party stany kontakt, adresa v\u00fddejn\u00edho m\u00edsta : Strakonick\u00e1 510 150 00 Praha 5 e-mail: aatsunami@email.cz mana\u017eer p\u016fj\u010dovny: Tom\u00e1\u0161 Ivanovi\u010d GSM: +420 602 309 064 Otev\u00edrac\u00ed doba skladu po dohod\u011b! &nbsp; Napi\u0161te n\u00e1m! Jak n\u00e1s nejl\u00e9pe nav\u0161t\u00edvit. Kdy\u017e se k n\u00e1m chyst\u00e1te, nahlaste svou n\u00e1v\u0161t\u011bvu p\u0159edem. Re\u017eim p\u016fj\u010dovny &hellip; <\/p>\n","protected":false},"author":1,"featured_media":0,"parent":0,"menu_order":0,"comment_status":"closed","ping_status":"closed","template":"","meta":{"footnotes":""},"class_list":["post-15","page","type-page","status-publish","hentry"],"yoast_head":"<!-- This site is optimized with the Yoast SEO plugin v25.0 - https:\/\/yoast.com\/wordpress\/plugins\/seo\/ -->\n<title>Party stany kontakt p\u016fj\u010dovna party stan\u016f<\/title>\n<meta name=\"description\" content=\"Party stany kontakt, p\u016fj\u010dovna party stan\u016f a party vybaven\u00ed, kontaktn\u00ed \u00fadaje. Jak n\u00e1s nejl\u00e9pe kontaktovat, kde jsme pro V\u00e1s p\u0159ipraveni.\" \/>\n<meta name=\"robots\" content=\"index, follow, max-snippet:-1, max-image-preview:large, max-video-preview:-1\" \/>\n<link rel=\"canonical\" href=\"https:\/\/www.partystany.online\/index.php\/kontakt\/\" \/>\n<meta property=\"og:locale\" content=\"cs_CZ\" \/>\n<meta property=\"og:type\" content=\"article\" \/>\n<meta property=\"og:title\" content=\"Party stany kontakt p\u016fj\u010dovna party stan\u016f\" \/>\n<meta property=\"og:description\" content=\"Party stany kontakt, p\u016fj\u010dovna party stan\u016f a party vybaven\u00ed, kontaktn\u00ed \u00fadaje. Jak n\u00e1s nejl\u00e9pe kontaktovat, kde jsme pro V\u00e1s p\u0159ipraveni.\" \/>\n<meta property=\"og:url\" content=\"https:\/\/www.partystany.online\/index.php\/kontakt\/\" \/>\n<meta property=\"og:site_name\" content=\"Party stany - party vybaven\u00ed\" \/>\n<meta property=\"article:modified_time\" content=\"2025-01-08T19:24:55+00:00\" \/>\n<meta property=\"og:image\" content=\"http:\/\/www.partystany.online\/wp-content\/uploads\/2021\/01\/Telefon-300x207.jpg\" \/>\n<meta name=\"twitter:card\" content=\"summary_large_image\" \/>\n<meta name=\"twitter:label1\" content=\"Odhadovan\u00e1 doba \u010dten\u00ed\" \/>\n\t<meta name=\"twitter:data1\" content=\"1 minuta\" \/>\n<script type=\"application\/ld+json\" class=\"yoast-schema-graph\">{\"@context\":\"https:\/\/schema.org\",\"@graph\":[{\"@type\":[\"Article\",\"Report\"],\"@id\":\"https:\/\/www.partystany.online\/index.php\/kontakt\/#article\",\"isPartOf\":{\"@id\":\"https:\/\/www.partystany.online\/index.php\/kontakt\/\"},\"author\":{\"name\":\"partystany2\",\"@id\":\"https:\/\/www.partystany.online\/#\/schema\/person\/e5e570ce60c2c410e16753efe446ebae\"},\"headline\":\"Kontakt\",\"datePublished\":\"2021-01-27T10:20:42+00:00\",\"dateModified\":\"2025-01-08T19:24:55+00:00\",\"mainEntityOfPage\":{\"@id\":\"https:\/\/www.partystany.online\/index.php\/kontakt\/\"},\"wordCount\":188,\"publisher\":{\"@id\":\"https:\/\/www.partystany.online\/#organization\"},\"image\":{\"@id\":\"https:\/\/www.partystany.online\/index.php\/kontakt\/#primaryimage\"},\"thumbnailUrl\":\"http:\/\/www.partystany.online\/wp-content\/uploads\/2021\/01\/Telefon-300x207.jpg\",\"inLanguage\":\"cs\"},{\"@type\":[\"WebPage\",\"ContactPage\"],\"@id\":\"https:\/\/www.partystany.online\/index.php\/kontakt\/\",\"url\":\"https:\/\/www.partystany.online\/index.php\/kontakt\/\",\"name\":\"Party stany kontakt p\u016fj\u010dovna party stan\u016f\",\"isPartOf\":{\"@id\":\"https:\/\/www.partystany.online\/#website\"},\"primaryImageOfPage\":{\"@id\":\"https:\/\/www.partystany.online\/index.php\/kontakt\/#primaryimage\"},\"image\":{\"@id\":\"https:\/\/www.partystany.online\/index.php\/kontakt\/#primaryimage\"},\"thumbnailUrl\":\"http:\/\/www.partystany.online\/wp-content\/uploads\/2021\/01\/Telefon-300x207.jpg\",\"datePublished\":\"2021-01-27T10:20:42+00:00\",\"dateModified\":\"2025-01-08T19:24:55+00:00\",\"description\":\"Party stany kontakt, p\u016fj\u010dovna party stan\u016f a party vybaven\u00ed, kontaktn\u00ed \u00fadaje. Jak n\u00e1s nejl\u00e9pe kontaktovat, kde jsme pro V\u00e1s p\u0159ipraveni.\",\"breadcrumb\":{\"@id\":\"https:\/\/www.partystany.online\/index.php\/kontakt\/#breadcrumb\"},\"inLanguage\":\"cs\",\"potentialAction\":[{\"@type\":\"ReadAction\",\"target\":[\"https:\/\/www.partystany.online\/index.php\/kontakt\/\"]}]},{\"@type\":\"ImageObject\",\"inLanguage\":\"cs\",\"@id\":\"https:\/\/www.partystany.online\/index.php\/kontakt\/#primaryimage\",\"url\":\"http:\/\/www.partystany.online\/wp-content\/uploads\/2021\/01\/Telefon-300x207.jpg\",\"contentUrl\":\"http:\/\/www.partystany.online\/wp-content\/uploads\/2021\/01\/Telefon-300x207.jpg\"},{\"@type\":\"BreadcrumbList\",\"@id\":\"https:\/\/www.partystany.online\/index.php\/kontakt\/#breadcrumb\",\"itemListElement\":[{\"@type\":\"ListItem\",\"position\":1,\"name\":\"Dom\u016f\",\"item\":\"https:\/\/www.partystany.online\/\"},{\"@type\":\"ListItem\",\"position\":2,\"name\":\"Kontakt\"}]},{\"@type\":\"WebSite\",\"@id\":\"https:\/\/www.partystany.online\/#website\",\"url\":\"https:\/\/www.partystany.online\/\",\"name\":\"Party stany - party vybaven\u00ed\",\"description\":\"P\u016fj\u010dovna pro Va\u0161i \u00fasp\u011b\u0161nou party.\",\"publisher\":{\"@id\":\"https:\/\/www.partystany.online\/#organization\"},\"potentialAction\":[{\"@type\":\"SearchAction\",\"target\":{\"@type\":\"EntryPoint\",\"urlTemplate\":\"https:\/\/www.partystany.online\/?s={search_term_string}\"},\"query-input\":{\"@type\":\"PropertyValueSpecification\",\"valueRequired\":true,\"valueName\":\"search_term_string\"}}],\"inLanguage\":\"cs\"},{\"@type\":\"Organization\",\"@id\":\"https:\/\/www.partystany.online\/#organization\",\"name\":\"Party stany - party vybaven\u00ed\",\"url\":\"https:\/\/www.partystany.online\/\",\"logo\":{\"@type\":\"ImageObject\",\"inLanguage\":\"cs\",\"@id\":\"https:\/\/www.partystany.online\/#\/schema\/logo\/image\/\",\"url\":\"https:\/\/www.partystany.online\/wp-content\/uploads\/2021\/01\/cropped-cropped-logo_aa_PRO_1X1_445.jpg\",\"contentUrl\":\"https:\/\/www.partystany.online\/wp-content\/uploads\/2021\/01\/cropped-cropped-logo_aa_PRO_1X1_445.jpg\",\"width\":445,\"height\":246,\"caption\":\"Party stany - party vybaven\u00ed\"},\"image\":{\"@id\":\"https:\/\/www.partystany.online\/#\/schema\/logo\/image\/\"}},{\"@type\":\"Person\",\"@id\":\"https:\/\/www.partystany.online\/#\/schema\/person\/e5e570ce60c2c410e16753efe446ebae\",\"name\":\"partystany2\",\"image\":{\"@type\":\"ImageObject\",\"inLanguage\":\"cs\",\"@id\":\"https:\/\/www.partystany.online\/#\/schema\/person\/image\/\",\"url\":\"https:\/\/secure.gravatar.com\/avatar\/5057cebc10a24e097f7029307c08892cb69bba94a0603c228589085d8a6d61d9?s=96&d=mm&r=g\",\"contentUrl\":\"https:\/\/secure.gravatar.com\/avatar\/5057cebc10a24e097f7029307c08892cb69bba94a0603c228589085d8a6d61d9?s=96&d=mm&r=g\",\"caption\":\"partystany2\"},\"sameAs\":[\"http:\/\/localhost\/wordpress\"],\"url\":\"https:\/\/www.partystany.online\/index.php\/author\/partystany2\/\"}]}<\/script>\n<!-- \/ Yoast SEO plugin. -->","yoast_head_json":{"title":"Party stany kontakt p\u016fj\u010dovna party stan\u016f","description":"Party stany kontakt, p\u016fj\u010dovna party stan\u016f a party vybaven\u00ed, kontaktn\u00ed \u00fadaje. Jak n\u00e1s nejl\u00e9pe kontaktovat, kde jsme pro V\u00e1s p\u0159ipraveni.","robots":{"index":"index","follow":"follow","max-snippet":"max-snippet:-1","max-image-preview":"max-image-preview:large","max-video-preview":"max-video-preview:-1"},"canonical":"https:\/\/www.partystany.online\/index.php\/kontakt\/","og_locale":"cs_CZ","og_type":"article","og_title":"Party stany kontakt p\u016fj\u010dovna party stan\u016f","og_description":"Party stany kontakt, p\u016fj\u010dovna party stan\u016f a party vybaven\u00ed, kontaktn\u00ed \u00fadaje. Jak n\u00e1s nejl\u00e9pe kontaktovat, kde jsme pro V\u00e1s p\u0159ipraveni.","og_url":"https:\/\/www.partystany.online\/index.php\/kontakt\/","og_site_name":"Party stany - party vybaven\u00ed","article_modified_time":"2025-01-08T19:24:55+00:00","og_image":[{"url":"http:\/\/www.partystany.online\/wp-content\/uploads\/2021\/01\/Telefon-300x207.jpg","type":"","width":"","height":""}],"twitter_card":"summary_large_image","twitter_misc":{"Odhadovan\u00e1 doba \u010dten\u00ed":"1 minuta"},"schema":{"@context":"https:\/\/schema.org","@graph":[{"@type":["Article","Report"],"@id":"https:\/\/www.partystany.online\/index.php\/kontakt\/#article","isPartOf":{"@id":"https:\/\/www.partystany.online\/index.php\/kontakt\/"},"author":{"name":"partystany2","@id":"https:\/\/www.partystany.online\/#\/schema\/person\/e5e570ce60c2c410e16753efe446ebae"},"headline":"Kontakt","datePublished":"2021-01-27T10:20:42+00:00","dateModified":"2025-01-08T19:24:55+00:00","mainEntityOfPage":{"@id":"https:\/\/www.partystany.online\/index.php\/kontakt\/"},"wordCount":188,"publisher":{"@id":"https:\/\/www.partystany.online\/#organization"},"image":{"@id":"https:\/\/www.partystany.online\/index.php\/kontakt\/#primaryimage"},"thumbnailUrl":"http:\/\/www.partystany.online\/wp-content\/uploads\/2021\/01\/Telefon-300x207.jpg","inLanguage":"cs"},{"@type":["WebPage","ContactPage"],"@id":"https:\/\/www.partystany.online\/index.php\/kontakt\/","url":"https:\/\/www.partystany.online\/index.php\/kontakt\/","name":"Party stany kontakt p\u016fj\u010dovna party stan\u016f","isPartOf":{"@id":"https:\/\/www.partystany.online\/#website"},"primaryImageOfPage":{"@id":"https:\/\/www.partystany.online\/index.php\/kontakt\/#primaryimage"},"image":{"@id":"https:\/\/www.partystany.online\/index.php\/kontakt\/#primaryimage"},"thumbnailUrl":"http:\/\/www.partystany.online\/wp-content\/uploads\/2021\/01\/Telefon-300x207.jpg","datePublished":"2021-01-27T10:20:42+00:00","dateModified":"2025-01-08T19:24:55+00:00","description":"Party stany kontakt, p\u016fj\u010dovna party stan\u016f a party vybaven\u00ed, kontaktn\u00ed \u00fadaje. Jak n\u00e1s nejl\u00e9pe kontaktovat, kde jsme pro V\u00e1s p\u0159ipraveni.","breadcrumb":{"@id":"https:\/\/www.partystany.online\/index.php\/kontakt\/#breadcrumb"},"inLanguage":"cs","potentialAction":[{"@type":"ReadAction","target":["https:\/\/www.partystany.online\/index.php\/kontakt\/"]}]},{"@type":"ImageObject","inLanguage":"cs","@id":"https:\/\/www.partystany.online\/index.php\/kontakt\/#primaryimage","url":"http:\/\/www.partystany.online\/wp-content\/uploads\/2021\/01\/Telefon-300x207.jpg","contentUrl":"http:\/\/www.partystany.online\/wp-content\/uploads\/2021\/01\/Telefon-300x207.jpg"},{"@type":"BreadcrumbList","@id":"https:\/\/www.partystany.online\/index.php\/kontakt\/#breadcrumb","itemListElement":[{"@type":"ListItem","position":1,"name":"Dom\u016f","item":"https:\/\/www.partystany.online\/"},{"@type":"ListItem","position":2,"name":"Kontakt"}]},{"@type":"WebSite","@id":"https:\/\/www.partystany.online\/#website","url":"https:\/\/www.partystany.online\/","name":"Party stany - party vybaven\u00ed","description":"P\u016fj\u010dovna pro Va\u0161i \u00fasp\u011b\u0161nou party.","publisher":{"@id":"https:\/\/www.partystany.online\/#organization"},"potentialAction":[{"@type":"SearchAction","target":{"@type":"EntryPoint","urlTemplate":"https:\/\/www.partystany.online\/?s={search_term_string}"},"query-input":{"@type":"PropertyValueSpecification","valueRequired":true,"valueName":"search_term_string"}}],"inLanguage":"cs"},{"@type":"Organization","@id":"https:\/\/www.partystany.online\/#organization","name":"Party stany - party vybaven\u00ed","url":"https:\/\/www.partystany.online\/","logo":{"@type":"ImageObject","inLanguage":"cs","@id":"https:\/\/www.partystany.online\/#\/schema\/logo\/image\/","url":"https:\/\/www.partystany.online\/wp-content\/uploads\/2021\/01\/cropped-cropped-logo_aa_PRO_1X1_445.jpg","contentUrl":"https:\/\/www.partystany.online\/wp-content\/uploads\/2021\/01\/cropped-cropped-logo_aa_PRO_1X1_445.jpg","width":445,"height":246,"caption":"Party stany - party vybaven\u00ed"},"image":{"@id":"https:\/\/www.partystany.online\/#\/schema\/logo\/image\/"}},{"@type":"Person","@id":"https:\/\/www.partystany.online\/#\/schema\/person\/e5e570ce60c2c410e16753efe446ebae","name":"partystany2","image":{"@type":"ImageObject","inLanguage":"cs","@id":"https:\/\/www.partystany.online\/#\/schema\/person\/image\/","url":"https:\/\/secure.gravatar.com\/avatar\/5057cebc10a24e097f7029307c08892cb69bba94a0603c228589085d8a6d61d9?s=96&d=mm&r=g","contentUrl":"https:\/\/secure.gravatar.com\/avatar\/5057cebc10a24e097f7029307c08892cb69bba94a0603c228589085d8a6d61d9?s=96&d=mm&r=g","caption":"partystany2"},"sameAs":["http:\/\/localhost\/wordpress"],"url":"https:\/\/www.partystany.online\/index.php\/author\/partystany2\/"}]}},"_links":{"self":[{"href":"https:\/\/www.partystany.online\/index.php\/wp-json\/wp\/v2\/pages\/15","targetHints":{"allow":["GET"]}}],"collection":[{"href":"https:\/\/www.partystany.online\/index.php\/wp-json\/wp\/v2\/pages"}],"about":[{"href":"https:\/\/www.partystany.online\/index.php\/wp-json\/wp\/v2\/types\/page"}],"author":[{"embeddable":true,"href":"https:\/\/www.partystany.online\/index.php\/wp-json\/wp\/v2\/users\/1"}],"replies":[{"embeddable":true,"href":"https:\/\/www.partystany.online\/index.php\/wp-json\/wp\/v2\/comments?post=15"}],"version-history":[{"count":7,"href":"https:\/\/www.partystany.online\/index.php\/wp-json\/wp\/v2\/pages\/15\/revisions"}],"predecessor-version":[{"id":398,"href":"https:\/\/www.partystany.online\/index.php\/wp-json\/wp\/v2\/pages\/15\/revisions\/398"}],"wp:attachment":[{"href":"https:\/\/www.partystany.online\/index.php\/wp-json\/wp\/v2\/media?parent=15"}],"curies":[{"name":"wp","href":"https:\/\/api.w.org\/{rel}","templated":true}]}}